
What are the prime factors of 21633?
3, 7211
What are the prime factors of 1956?
2, 3, 163
What are the prime factors of 960?
2, 3, 5
List the prime factors of 145.
5, 29
List the prime factors of 561.
3, 11, 17
What are the prime factors of 13492?
2, 3373
List the prime factors of 2515.
5, 503
What are the prime factors of 13041?
3, 7, 23
List the prime factors of 3746.
2, 1873
List the prime factors of 52064.
2, 1627
List the prime factors of 15546.
2, 3, 2591
What are the prime factors of 2247?
3, 7, 107
List the prime factors of 791.
7, 113
What are the prime factors of 5429?
61, 89
List the prime factors of 23725.
5, 13, 73
List the prime factors of 486.
2, 3
List the prime factors of 5464.
2, 683
What are the prime factors of 531?
3, 59
What are the prime factors of 13170?
2, 3, 5, 439
List the prime factors of 148.
2, 37
What are the prime factors of 23545?
5, 17, 277
List the prime factors of 18290.
2, 5, 31, 59
What are the prime factors of 13698?
2, 3, 761
List the prime factors of 50709.
3, 16903
What are the prime factors of 3955?
5, 7, 113
What are the prime factors of 386?
2, 193
List the prime factors of 69631.
179, 389
List the prime factors of 13802.
2, 67, 103
List the prime factors of 75.
3, 5
List the prime factors of 52134.
2, 3, 8689
What are the prime factors of 184829?
184829
What are the prime factors of 123403?
7, 17, 61
What are the prime factors of 10231?
13, 787
What are the prime factors of 782?
2, 17, 23
What are the prime factors of 63928?
2, 61, 131
What are the prime factors of 3401?
19, 179
What are the prime factors of 29421?
3, 7, 467
List the prime factors of 12716.
2, 11, 17
What are the prime factors of 21528?
2, 3, 13, 23
What are the prime factors of 4724?
2, 1181
List the prime factors of 21945.
3, 5, 7, 11, 19
List the prime factors of 5144.
2, 643
What are the prime factors of 5248?
2, 41
What are the prime factors of 11309?
43, 263
What are the prime factors of 1199?
11, 109
What are the prime factors of 12513?
3, 43, 97
List the prime factors of 2720.
2, 5, 17
List the prime factors of 50234.
2, 25117
List the prime factors of 5207.
41, 127
What are the prime factors of 2883?
3, 31
What are the prime factors of 642?
2, 3, 107
List the prime factors of 52325.
5, 7, 13, 23
List the prime factors of 9080.
2, 5, 227
What are the prime factors of 64634?
2, 17, 1901
List the prime factors of 5221.
23, 227
What are the prime factors of 99489?
3, 13, 2551
List the prime factors of 2138.
2, 1069
List the prime factors of 1115.
5, 223
List the prime factors of 451.
11, 41
List the prime factors of 80.
2, 5
List the prime factors of 16794.
2, 3, 311
List the prime factors of 1476.
2, 3, 41
List the prime factors of 5317.
13, 409
What are the prime factors of 1017?
3, 113
List the prime factors of 42123.
3, 19, 739
List the prime factors of 88076.
2, 97, 227
List the prime factors of 22711.
13, 1747
What are the prime factors of 2121?
3, 7, 101
What are the prime factors of 503?
503
List the prime factors of 11802.
2, 3, 7, 281
What are the prime factors of 4472?
2, 13, 43
What are the prime factors of 36856?
2, 17, 271
What are the prime factors of 1137?
3, 379
List the prime factors of 1649.
17, 97
What are the prime factors of 5973?
3, 11, 181
What are the prime factors of 11092?
2, 47, 59
What are the prime factors of 869?
11, 79
List the prime factors of 9072.
2, 3, 7
What are the prime factors of 720?
2, 3, 5
What are the prime factors of 19985?
5, 7, 571
What are the prime factors of 476?
2, 7, 17
What are the prime factors of 30807?
3, 7, 163
What are the prime factors of 1894?
2, 947
What are the prime factors of 1636?
2, 409
List the prime factors of 74845.
5, 14969
List the prime factors of 2045.
5, 409
What are the prime factors of 5500?
2, 5, 11
List the prime factors of 1255.
5, 251
What are the prime factors of 420?
2, 3, 5, 7
What are the prime factors of 1600?
2, 5
What are the prime factors of 2832?
2, 3, 59
What are the prime factors of 719?
719
List the prime factors of 60855.
3, 5, 4057
List the prime factors of 2290.
2, 5, 229
List the prime factors of 11109.
3, 7, 23
What are the prime factors of 15694?
2, 7, 19, 59
List the prime factors of 47661.
3, 15887
What are the prime factors of 66901?
149, 449
List the prime factors of 532.
2, 7, 19
List the prime factors of 648.
2, 3
List the prime factors of 21375.
3, 5, 19
List the prime factors of 7796.
2, 1949
What are the prime factors of 30941?
30941
What are the prime factors of 7853?
7853
List the prime factors of 19029.
3, 6343
What are the prime factors of 1411?
17, 83
What are the prime factors of 17354?
2, 8677
List the prime factors of 19966.
2, 67, 149
What are the prime factors of 1518?
2, 3, 11, 23
What are the prime factors of 3692?
2, 13, 71
What are the prime factors of 881?
881
List the prime factors of 11618.
2, 37, 157
List the prime factors of 9774.
2, 3, 181
What are the prime factors of 2559?
3, 853
List the prime factors of 9647.
11, 877
List the prime factors of 123655.
5, 7, 3533
What are the prime factors of 153158?
2, 76579
What are the prime factors of 1038?
2, 3, 173
List the prime factors of 1942.
2, 971
What are the prime factors of 2157?
3, 719
List the prime factors of 1243.
11, 113
What are the prime factors of 90386?
2, 43, 1051
What are the prime factors of 28?
2, 7
What are the prime factors of 11015?
5, 2203
List the prime factors of 1031.
1031
List the prime factors of 27141.
3, 83, 109
What are the prime factors of 4320?
2, 3, 5
What are the prime factors of 2509?
13, 193
What are the prime factors of 1167?
3, 389
What are the prime factors of 1634?
2, 19, 43
List the prime factors of 7125.
3, 5, 19
What are the prime factors of 10203?
3, 19, 179
List the prime factors of 1215.
3, 5
List the prime factors of 67.
67
List the prime factors of 35813.
59, 607
What are the prime factors of 17167?
17167
List the prime factors of 2163.
3, 7, 103
What are the prime factors of 913?
11, 83
What are the prime factors of 4420?
2, 5, 13, 17
What are the prime factors of 41852?
2, 10463
List the prime factors of 75876.
2, 3, 6323
What are the prime factors of 384?
2, 3
List the prime factors of 36201.
3, 11, 1097
List the prime factors of 457.
457
What are the prime factors of 10720?
2, 5, 67
What are the prime factors of 5066?
2, 17, 149
What are the prime factors of 333?
3, 37
List the prime factors of 38554.
2, 37, 521
List the prime factors of 30145.
5, 6029
What are the prime factors of 116911?
116911
What are the prime factors of 3604?
2, 17, 53
What are the prime factors of 4705?
5, 941
List the prime factors of 4363.
4363
What are the prime factors of 2066?
2, 1033
List the prime factors of 4885.
5, 977
List the prime factors of 126902.
2, 107, 593
What are the prime factors of 73472?
2, 7, 41
What are the prime factors of 71970?
2, 3, 5, 2399
What are the prime factors of 109?
109
What are the prime factors of 9424?
2, 19, 31
List the prime factors of 367.
367
List the prime factors of 8971.
8971
List the prime factors of 1968.
2, 3, 41
What are the prime factors of 11160?
2, 3, 5, 31
List the prime factors of 2554.
2, 1277
List the prime factors of 17644.
2, 11, 401
List the prime factors of 6392.
2, 17, 47
List the prime factors of 1136.
2, 71
What are the prime factors of 76676?
2, 29, 661
List the prime factors of 18676.
2, 7, 23, 29
What are the prime factors of 10833?
3, 23, 157
List the prime factors of 1318.
2, 659
What are the prime factors of 18684?
2, 3, 173
What are the prime factors of 4156?
2, 1039
What are the prime factors of 643?
643
What are the prime factors of 8887?
8887
What are the prime factors of 50857?
50857
List the prime factors of 22560.
2, 3, 5, 47
What are the prime factors of 2913?
3, 971
What are the prime factors of 1746?
2, 3, 97
What are the prime factors of 12155?
5, 11, 13, 17
What are the prime factors of 2953?
2953
List the prime factors of 1934.
2, 967
What are the prime factors of 94195?
5, 18839
List the prime factors of 91901.
29, 3169
List the prime factors of 6690.
2, 3, 5, 223
List the prime factors of 39908.
2, 11, 907
List the prime factors of 1207.
17, 71
What are the prime factors of 2883?
3, 31
What are the prime factors of 456?
2, 3, 19
What are the